13, what is -6 + 21?
18
In base 15, what is 12 + -43c?
-42a
In base 4, what is 11 - -10?
21
In base 6, what is -5 - -300?
251
In base 9, what is 36 - 23?
13
In base 2, what is 1111 + 10?
10001
In base 13, what is -178 - 1?
-179
In base 12, what is -2 + 8?
6
In base 14, what is -2 - -1c9c?
1c9a
In base 10, what is -67 + 4?
-63
In base 7, what is -30315 + 1?
-30314
In base 11, what is 18 - 45?
-28
In base 3, what is 1112100 - -2?
1112102
In base 13, what is 100c + 3?
1012
In base 10, what is -755 + 5?
-750
In base 6, what is -322 + 10?
-312
In base 10, what is -54 - -10?
-44
In base 12, what is -19 - -2?
-17
In base 16, what is 7 + 1e?
25
In base 4, what is -120001 + 2?
-113333
In base 4, what is -10 + -31223?
-31233
In base 9, what is 5 - 7?
-2
In base 5, what is 424 + 321?
1300
In base 16, what is -2 + -173?
-175
In base 13, what is -13 - -c?
-4
In base 4, what is 23001 + 31?
23032
In base 13, what is -3 - -143?
140
In base 5, what is 3012 - -14?
3031
In base 3, what is 1 + 11011021?
11011022
In base 3, what is -110 + -1010211?
-1011021
In base 16, what is 6 + -78?
-72
In base 15, what is 40 - 0?
40
In base 5, what is -104 - 22?
-131
In base 5, what is -11 - -130?
114
In base 14, what is 5633 - -5?
5638
In base 10, what is -27 - 88?
-115
In base 2, what is 110111 + -11?
110100
In base 4, what is 130110 - -3?
130113
In base 3, what is 2 + 20002?
20011
In base 12, what is 11 + 13?
24
In base 8, what is 1 + 243?
244
In base 16, what is -3 + -4?
-7
In base 5, what is -4 + -23?
-32
In base 4, what is -11 - -23?
12
In base 6, what is -24143 + 3?
-24140
In base 8, what is -1 - 430?
-431
In base 6, what is 440 + -15?
421
In base 3, what is -20022 + -11?
-20110
In base 16, what is -11 - -2e?
1d
In base 12, what is 13 + -268?
-255
In base 14, what is 1c - 7?
15
In base 8, what is -1177 - -7?
-1170
In base 11, what is 1 + 8?
9
In base 6, what is -12402 + 3?
-12355
In base 4, what is 1123122 - -3?
1123131
In base 7, what is -13 + -5?
-21
In base 8, what is 1 - 2601?
-2600
In base 5, what is 142 - -142?
334
In base 8, what is 253 - 215?
36
In base 14, what is 1 + -480?
-47d
In base 13, what is 14 + 0?
14
In base 11, what is -4 - -162?
159
In base 14, what is -5 + -56?
-5b
In base 2, what is -1000 - -11101000?
11100000
In base 7, what is 1014 - 5?
1006
In base 4, what is 2 + 133132?
133200
In base 2, what is -100 + -10110?
-11010
In base 16, what is 5 - 230?
-22b
In base 15, what is -1 + 1c9?
1c8
In base 2, what is 1 - 111?
-110
In base 5, what is 0 - 124?
-124
In base 10, what is 3 - 163?
-160
In base 6, what is 500 - -3?
503
In base 7, what is -3 - 55?
-61
In base 13, what is -844 - 9?
-850
In base 10, what is 12 - 9?
3
In base 7, what is 1 - -51?
52
In base 12, what is -8 - -91?
85
In base 14, what is 4 - 231?
-22b
In base 15, what is 542 - 0?
542
In base 16, what is feeb - 3?
fee8
In base 15, what is -6e3 + 0?
-6e3
In base 5, what is 1022213 + -2?
1022211
In base 16, what is 78 - -2f?
a7
In base 6, what is -1203 + -1?
-1204
In base 15, what is -26 + -16?
-3c
In base 12, what is 1b6 - 1?
1b5
In base 8, what is -43 + -2?
-45
In base 3, what is 212221 + -1200?
211021
In base 13, what is 5 + 10?
15
In base 12, what is 16aa - 2?
16a8
In base 5, what is 3443 + 10?
4003
In base 16, what is -646 - 0?
-646
In base 10, what is -42 - 224?
-266
In base 11, what is 4 + -30?
-27
In base 13, what is -100 + 4?
-c9
In base 15, what is 6 + -2?
4
In base 16, what is -3d - -17?
-26
In base 10, what is 1170 - 2?
1168
In base 3, what is 12 - -120?
202
In base 10, what is 99 + 8?
107
In base 11, what is -59 + -16?
-74
In base 3, what is -11 + -20000121?
-20000202
In base 3, what is -11 + 2021?
2010
In base 14, what is -ad4 + 4?
-ad0
In base 11, what is 6 + -156?
-150
In base 4, what is 1100 + -3?
1031
In base 10, what is -46 - 3?
-49
In base 9, what is -527 + 4?
-523
In base 14, what is 6b + 16?
83
In base 2, what is 11 - 101110010001?
-101110001110
In base 14, what is -3 - 33d?
-342
In base 4, what is -1202 - 2?
-1210
In base 14, what is 113a + -4?
1136
In base 14, what is 8 + -4?
4
In base 10, what is 3 - 176?
-173
In base 14, what is -3 + -5a1?
-5a4
In base 7, what is 304 + 1?
305
In base 16, what is e06 - 1?
e05
In base 14, what is -919 - 1?
-91a
In base 9, what is 1254 - 5?
1248
In base 11, what is -5 - -35?
30
In base 7, what is -10 + -366?
-406
In base 12, what is 0 - -bb2?
bb2
In base 13, what is -4 - -b87?
b83
In base 11, what is -1 - -70?
6a
In base 13, what is 2 - 114?
-112
In base 4, what is 3 + 102130?
102133
In base 5, what is 1101 - 0?
1101
In base 12, what is a + -101?
-b3
In base 9, what is 687 + 16?
714
In base 15, what is -3 - -6d7?
6d4
In base 8, what is 1445 + -3?
1442
In base 3, what is -110 + 10100?
2220
In base 5, what is 10 + 411?
421
In base 7, what is -1 - -225?
224
In base 5, what is 4 - 12101?
-12042
In base 11, what is 1 - 497?
-496
In base 9, what is -172 - -3?
-168
In base 6, what is 5403 + 2?
5405
In base 12, what is -3 - 44?
-47
In base 6, what is -5 - -5341?
5332
In base 16, what is -8 + 11?
9
In base 11, what is 605 - 9?
5a7
In base 7, what is 0 + -41?
-41
In base 16, what is -3 + b9?
b6
In base 11, what is 10 + -259?
-249
In base 8, what is -5 - -2031?
2024
In base 14, what is 1b + 5?
22
In base 10, what is 1614 + 7?
1621
In base 11, what is 27204 + 3?
27207
In base 11, what is 25 + 4?
29
In base 16, what is -7cd + -2?
-7cf
In base 4, what is 1 - -133220?
133221
In base 4, what is 2 + -1002?
-1000
In base 15, what is -13 - -15?
2
In base 3, what is -10 + -11022?
-11102
In base 5, what is -3443 + -3?
-4001
In base 2, what is 1010001110 - 0?
1010001110
In base 9, what is -5 + -212?
-217
In base 9, what is 101 + 47?
148
In base 11, what is 10 + -10?
0
In base 3, what is 11 - 1112021?
-1112010
In base 15, what is -e4 + -1?
-e5
In base 12, what is 16a - -14?
182
In base 12, what is 68a + -5?
685
In base 3, what is 22 + 21?
120
In base 14, what is -c + -90b?
-919
In base 12, what is 137 - 5?
132
In base 13, what is -21725 - 5?
-2172a
In base 7, what is -13 + -30?
-43
In base 5, what is -2 - 2204?
-2211
In base 6, what is -1322 + 1?
-1321
In base 12, what is 19 - -2?
1b
In base 2, what is 10 - 110?
-100
In base 5, what is 10 + -2?
3
In base 12, what is -35 + 3?
-32
In base 7, what is 3 + 220?
223
In base 15, what is 13 + 2?
15
In base 8, what is -706 - -1?
-705
In base 15, what is 6 - -35?
3b
In base 5, what is -33 + -10?
-43
In base 9, what is -1313 - 2?
-1315
In base 15, what is 4 + -54?
-50
In base 5, what is 211 + -1244?
-1033
In base 8, what is 22 + 151?
173
In base 12, what is 77 - -a?
85
In base 16, what is 19 + -38?
-1f
In base 8, what is -14 - 0?
-14
In base 3, what is 21 - 21?
0
In base 7, what is 342 - -2?
344
In base 10, what is -5 + 5?
0
In base 15, what is 5 - 199?
-194
In base 2, what is -101010010 - -1110?
-101000100
In base 8, what is 2244 + 13?
2257
In base 4, what is -13 + 31?
12
In base 5, what is 23 + 202?
230
In base 2, what is 110110001 + -100?
110101101
In base 8, what is 26 - 12?
14
In base 16, what is 0 - 3?
-3
In base 3, what is -122011 - 12?
-122100
In base 6, what is 3 - -24541?
24544
In base 10, what is 0 + 2261?
2261
In base 11, what is -1244 - -7?
-1238
In base 2, what is -1001101111 + 101101?
-1001000010
In base 13, what is -4 + -11?
-15
In base 14, what is -4 - 14?
-18
In base 8, what is -5 + 37?
32
In base 6, what is -1 + 24012?
24011
In base 2, what is 1101101101 - 1?
1101101100
In base 14, what is 9 + 55?
60
In base 12, what is 152 - 4?
14a
In base 16, what is -f2 + -3?
-f5
In base 4, what is -1 + 102?
101
In base 6, what is -115 - 5?
-124
In base 10, what is 3 - -376?
379
In base 3, what is -2 - 12211201?
-12211210
In base 2, what is 111 + 10?
1001
In base 8, what is -4 - 734?
-740
In base 16, what is fa + -1?
f9
In base 7, what is -3 + 50?
44
In base 12, what is -111 - -a0?
-31
In base 6, what is -2 + -21415?
-21421
In base 7, what is 3 - 1353?
-1350
In base 16, what is -472 + -6?
-478
In base 2, what is 101001 - 101?
100100
In base 3, what is -1 + -12120?
-12121
In base 5, what is -21143 - 3?
-21201
In base 8, what is 2 + 77?
101
In base 7, what is 311 - -11?
322
In base 15, what is 498 + -2?
496
In base 2, what is 100100001 - 0?
100100001
In base 14, what is 4 + -4?
0
In base 13, what is -812 - -11?
-